-2). Calculate the greatest common factor of k and t.
25
Suppose 5*y - 41 = -2*j, 30 = 2*y + 2*y + 3*j. Let i = -7 - 7. Let m be (-1)/((-6)/(-27))*i. Calculate the highest common divisor of m and y.
9
Suppose 3*b + y - 5 = -0*b, 0 = -4*b + 3*y + 24. What is the highest common factor of b and 15?
3
Suppose 12*j - 14*j + 60 = 0. Calculate the highest common factor of j and 20.
10
Suppose 0 = -5*z + 17 + 3. Let v = 4 - -1. Let s be (2 - v)/(2/(-8)). Calculate the greatest common divisor of z and s.
4
Let a be 4/2 + 0 - -12. Let m(c) = -c**2 + 7*c + 8. Let n be m(8). Suppose n = 2*h - 31 - 53. Calculate the greatest common divisor of a and h.
14
Let p be 2056/12 + 2/(-6). What is the highest common divisor of 19 and p?
19
Let c = -7 + 0. Let j = c - -2. Let s = -3 - j. What is the highest common divisor of s and 8?
2
Let a(i) = 96*i**2. Let o be a(1). What is the highest common divisor of 12 and o?
12
Suppose 4 = n + 1. Suppose -2*k = k - n. Suppose x - 4*a = 0, -4 = -3*a - k. What is the greatest common divisor of 36 and x?
4
Let h(c) = c**2 - 2*c + 14. Let b be h(6). Calculate the greatest common factor of b and 19.
19
Suppose f = 6*f + 2*w - 20, 4*f - 4*w + 12 = 0. Suppose 5*c - n = 79, -4*c + 64 = n - f*n. Calculate the greatest common divisor of c and 60.
15
Let p = 9 - 4. Suppose f - 14 = 6. What is the highest common factor of p and f?
5
Let i = 11 + -3. Suppose 10 = -2*z + 12. Calculate the greatest common divisor of z and i.
1
Let b = 104 + -35. What is the highest common factor of b and 46?
23
Let f = -38 - -74. Suppose -54 = -5*m + f. What is the highest common divisor of m and 6?
6
Suppose 3*n - 2*s = s + 6, -2 = 2*n + 4*s. Calculate the highest common divisor of 4 and n.
1
Let x be (-120)/(-9)*1*3. Let r = -24 + x. Let d = -88 + 136. What is the highest common divisor of r and d?
16
Suppose 3*y + 2 = -d, d = 5*y + 10 + 20. Let u = -12 + 17. What is the greatest common factor of u and d?
5
Suppose 2*q - 15 = -57. Let h be ((-10)/(-6))/((-7)/q). What is the greatest common factor of 45 and h?
5
Let t(h) = -3*h - 6. Suppose -g - 5*s = -3, -18 = g - s - s. Let f be t(g). Calculate the greatest common divisor of f and 3.
3
Suppose 0 = j - 10*j + 567. Calculate the greatest common factor of j and 7.
7
Let l(i) = 24*i**2. Let z(m) = -5*m**2. Let u(v) = 3*l(v) + 14*z(v). Let g be u(2). Calculate the highest common factor of g and 1.
1
Suppose -381 = -5*o - 2*a - 0*a, -5*o = 4*a - 387. What is the greatest common factor of 30 and o?
15
Suppose -2*h + g = -3*g - 540, -760 = -3*h - 4*g. What is the greatest common factor of 52 and h?
52
Let k = 21 + 15. Calculate the greatest common factor of k and 9.
9
Suppose -50 = -v - 4*t, 3*t + 158 = v + 4*v. Calculate the highest common divisor of 85 and v.
17
Suppose -11 = 4*z + p, 0*z = -z + 4*p + 10. Let y(b) = b**2 + 2*b + 1. Let q be y(z). Calculate the greatest common divisor of 1 and q.
1
Suppose 0 = -0*b + 5*b - 325. Let q(d) = d**3 + 7*d**2 + 7*d - 2. Let f be q(-5). Calculate the greatest common divisor of f and b.
13
Let q be (2/(-4))/(2/(-32)). Suppose 3*s - 10 = -7*s. Calculate the greatest common divisor of s and q.
1
Suppose -2*i = 3*r - 44, -r = -0*i + i - 24. What is the highest common factor of i and 84?
28
Let r = -4 - -6. Let m = r - 0. Suppose -1 = -k + 3*v + 2, 0 = m*v. What is the greatest common divisor of 3 and k?
3
Let m(l) = -l + 5. Suppose 4*i - p + 3 = 0, 3*p = 2*i - 0*p + 9. Let n be m(i). Calculate the highest common factor of n and 20.
5
Let p(v) = 27*v + 2. Let g be p(2). Let k(y) = y**3 + 3*y**2 - 2*y + 2. Let w be k(-3). Calculate the highest common divisor of w and g.
8
Let l(g) be the first derivative of -7*g**2/2 + g - 3. Let d be l(-2). What is the greatest common divisor of d and 5?
5
Let t be (-2 + 1)/((-4)/56). Suppose 1 + 15 = 4*g. Suppose g = z + z. Calculate the highest common divisor of t and z.
2
Suppose s - 2*c = -1, -s + 3*s + 3 = 3*c. Let y be (-3)/s + 43*1. Calculate the highest common factor of 11 and y.
11
Let j = -7 + 19. What is the greatest common divisor of 60 and j?
12
Suppose -g + 3 = t + 1, -g = 2*t - 7. Let d be (-12)/(-7)*(-14)/g. Let r be (7 + -1)*-2*-2. What is the greatest common divisor of d and r?
8
Suppose m + 5 + 0 = -q, m - 5 = 4*q. Let j(x) = -5*x - 1. Let o be j(q). Calculate the greatest common factor of o and 45.
9
Let i(v) = 8*v - 5. Let d be i(-5). Let k be ((-6)/(-9))/((-2)/d). Calculate the highest common divisor of 5 and k.
5
Suppose 5*m - 112 = -22. Calculate the highest common factor of m and 9.
9
Let r(f) = -f**3 + 3*f + 245. Let a be r(0). Calculate the highest common divisor of 49 and a.
49
Let g(b) = -15*b - 66. Let h be g(-23). Calculate the highest common factor of h and 31.
31
Let z = -44 - -100. What is the greatest common divisor of 8 and z?
8
Suppose -4*f = -5*v + 24, 2*v = 3*v + 4*f. Calculate the highest common divisor of v and 36.
4
Let m be 0 - -2 - 1 - -1. Suppose -7*d = -m*d - 30. Suppose 4 = t - a, 0 = -4*t + 5*a - 3 + 19. Calculate the highest common divisor of t and d.
2
Let g be ((-2)/(-5))/((-5)/(-2475)). Calculate the highest common divisor of 18 and g.
18
Let a be (3/4)/(16/256). What is the greatest common factor of a and 30?
6
Let x(g) = g + 26. Let b be x(-9). What is the greatest common divisor of b and 68?
17
Let d(w) = -2*w + 15. Let v be d(0). Calculate the highest common divisor of 3 and v.
3
Suppose 5*t - 4*f = 26 - 106, 3*t = 2*f - 50. Let a be (-100)/6*24/t. Calculate the highest common divisor of a and 30.
10
Let m(o) = -27*o**3 - o. Let y be m(-1). Suppose -y = -0*f - 2*f. Let u be 3/(-7) - (-3935)/35. Calculate the highest common factor of f and u.
14
Suppose 0 = 2*s + 2*q - 7*q - 237, -3*s + 3*q + 360 = 0. What is the highest common factor of 22 and s?
11
Suppose 16*s - 17*s + 4 = 0. Calculate the highest common factor of 3 and s.
1
Let g be ((-8)/10)/((-12)/120). What is the greatest common factor of 64 and g?
8
Let y = -100 - -140. Suppose 5*z = 2*r - 23 - 24, 4*r - 58 = -2*z. What is the highest common divisor of r and y?
8
Let q(s) = 9*s**2 - 11*s - 16. Let j be q(-6). What is the highest common factor of 34 and j?
34
Let t(i) = i**3 - 3*i**2 - 4*i + 3. Let y be t(4). Suppose d - 5*r = -y*d + 29, -3*d + 17 = r. Calculate the highest common factor of 42 and d.
6
Let x be 526/4 - (-5)/10. Calculate the greatest common divisor of x and 12.
12
Let r = 36 + -26. Let l be 2 + (r - 3/(-3)). What is the highest common divisor of 26 and l?
13
Let d(a) = 2*a**2. Let r = -11 - -5. Let w be d(r). Suppose 3*x - 264 = -w. What is the highest common factor of x and 8?
8
Suppose k = 2*k - 11. Calculate the greatest common divisor of 33 and k.
11
Let t = 23 - -10. Suppose -51 = -4*p + t. What is the highest common divisor of 7 and p?
7
Let y(m) = m**3 - 2*m**2 + 2*m - 1. Let l be y(4). Let z = -4 - -9. Suppose -5 - 60 = -z*g. Calculate the highest common divisor of l and g.
13
Suppose -10*k + 4 = -6. What is the greatest common factor of 7 and k?
1
Let t(p) = 5*p + 1. Let h be t(6). Suppose -h = -3*v + 11. What is the greatest common factor of v and 21?
7
Let n = 19 - 4. Suppose -2 = -z - 0*z. Suppose 3*w + 15 = 2*j + z*j, -3*w + 27 = 3*j. Calculate the highest common divisor of j and n.
3
Suppose 48 = 3*m + 5*b, -m = 3*m + 3*b - 53. What is the highest common factor of 121 and m?
11
Suppose -2*y - 2*y + 4 = 0, 5*q + y - 511 = 0. What is the highest common factor of q and 68?
34
Let s = 19 + -15. Suppose s*l - 16 = 2*l. Calculate the highest common divisor of l and 8.
8
Let j(a) = a**3 - 2*a**2 - 1. Let m be j(2). Let x be (-52)/(-10)*(-6 - m). Let l = x - -38. What is the highest common divisor of l and 12?
12
Let l = -24 - -30. Suppose -4*x - 5*n = -72, 5*x - 3*n - 98 + 8 = 0. Suppose y + y = x. Calculate the highest common divisor of y and l.
3
Let y(s) = s**3 - 5*s**2 - 2*s + 1. Let q be y(5). Let w be (-78)/q + (-4)/6. What is the highest common divisor of w and 2?
2
Suppose 345 = 4*t + 21. Suppose -27 = 23*r - 26*r. What is the greatest common divisor of t and r?
9
Let g be (210 + -2)/(-1 - 0). Let j be (-4)/(-6) + g/(-3). Let k be (-76)/(-3) + 2 + (-22)/(-33). Calculate the highest common divisor of k and j.
14
Suppose -4*l + 0*l = -988. Let g = l - 115. What is the highest common divisor o